{"id":28051,"date":"2026-04-28T21:45:40","date_gmt":"2026-04-28T20:45:40","guid":{"rendered":"https:\/\/sensorial.coffee\/?post_type=product&#038;p=28051"},"modified":"2026-04-28T22:07:45","modified_gmt":"2026-04-28T21:07:45","slug":"rancilio-silvia-pro-x-inox","status":"publish","type":"product","link":"https:\/\/sensorial.coffee\/ca\/producte\/rancilio-silvia-pro-x-inox\/","title":{"rendered":"Rancilio Silvia Pro X Inox"},"content":{"rendered":"<p class=\"Default\" style=\"line-height: 10.05pt;\"><span lang=\"ES-TRAD\" style=\"font-size: 10.0pt; font-family: 'Arial',sans-serif;\">Rancilio Silvia Pro X es la m\u00e1quina de caf\u00e9 espresso en un solo grupo que proporciona precisi\u00f3n y control en cada caf\u00e9, ocupando un espacio limitado gracias a su dise\u00f1o compacto. Silvia Pro combina el rendimiento profesional de las m\u00e1quinas de caf\u00e9 espresso Rancilio y las notables capacidades de Silvia, con la adici\u00f3n de dos PID, una pantalla digital, dos calderas independientes y una gama m\u00e1s amplia de soluciones de caf\u00e9, est\u00e1 dise\u00f1ada para proporcionar la mejor experiencia de caf\u00e9 y para satisfacer las necesidades de los baristas expertos.<\/span><\/p>\n<p class=\"Default\" style=\"line-height: 10.05pt;\"><span lang=\"ES-TRAD\" style=\"font-size: 10.0pt; font-family: 'Arial',sans-serif;\">Equipo<\/span><\/p>\n<p class=\"Default\" style=\"line-height: 10.05pt;\"><span lang=\"ES-TRAD\" style=\"font-size: 10.0pt; font-family: 'Arial',sans-serif;\">Equipo profesional de alta calidad y componentes de alta resistencia: portafiltro ergon\u00f3mico, caldera aislada, lanza de vapor multidireccional de acero inoxidable y pomo de vapor, bandeja para tazas y unidad de preparaci\u00f3n de lat\u00f3n.<\/span><\/p>\n<p class=\"Default\" style=\"line-height: 10.05pt;\"><span lang=\"ES-TRAD\" style=\"font-size: 10.0pt; font-family: 'Arial',sans-serif;\">PID<\/span><\/p>\n<p class=\"Default\" style=\"line-height: 10.05pt;\"><span lang=\"ES-TRAD\" style=\"font-size: 10.0pt; font-family: 'Arial',sans-serif;\">Control electr\u00f3nico de la temperatura del agua en la caldera de caf\u00e9 y en la caldera de vapor, a trav\u00e9s de un PID interno que ofrece una estabilidad de temperatura extremadamente precisa.<\/span><\/p>\n<p class=\"Default\" style=\"line-height: 10.05pt;\"><span lang=\"ES-TRAD\" style=\"font-size: 10.0pt; font-family: 'Arial',sans-serif;\">Calderas separadas<\/span><\/p>\n<p class=\"Default\" style=\"line-height: 10.05pt;\"><span lang=\"ES-TRAD\" style=\"font-size: 10.0pt; font-family: 'Arial',sans-serif;\">Silvia Pro est\u00e1 equipada con dos calderas separadas, ambas equipadas con PID: una caldera calienta el agua para el caf\u00e9, y la otra es una caldera de vapor para el agua caliente y el vapor.<\/span><\/p>\n<p class=\"Default\" style=\"line-height: 10.05pt;\"><span lang=\"ES-TRAD\" style=\"font-size: 10.0pt; font-family: 'Arial',sans-serif;\">Regulaci\u00f3n de temperatura<\/span><\/p>\n<p class=\"Default\" style=\"line-height: 10.05pt;\"><span lang=\"ES-TRAD\" style=\"font-size: 10.0pt; font-family: 'Arial',sans-serif;\">La temperatura del agua para el caf\u00e9 y el vapor se puede ajustar f\u00e1cilmente a trav\u00e9s de los <\/span><span lang=\"ES-TRAD\" style=\"font-size: 10.0pt; font-family: 'Arial',sans-serif;\">botones de visualizaci\u00f3n.<\/span><\/p>\n<p>Distribuidor Oficial Rancilio. Servicio T\u00e9cnico Oficial.<\/p>\n<p>Garant\u00eda del fabricante durante 2 a\u00f1os contra defectos de fabricaci\u00f3n. La garantia no cubre los da\u00f1os derivados de una instalaci\u00f3n o mantenimiento incorrectos.<\/p>\n","protected":false},"excerpt":{"rendered":"<p>PRINCIPALES ASPECTOS<\/p>\n<p>1 Tecnolog\u00eda Rancilio en solo 25 cm<\/p>\n<p>2 Cuerpo de acero inoxidable<\/p>\n<p>3 Pantalla digital con temporizador \u00a0de erogaci\u00f3n, indicador de temperatura, alerta de agua<\/p>\n<p>4 Modo de activaci\u00f3n pr gramable<\/p>\n<p>5 Canasta del filtro de 7 gr y 14 gr<\/p>\n<p>6 Dep\u00f3sito de agua incorporado \u00a0de 2 litros, f\u00e1cil de desmontar \u00a0para su limpieza<\/p>\n<p>7 Gesti\u00f3n de seguridad del agua y entrega profesional<\/p>\n<p>8 Kit adaptador para Monodosis y C\u00e1psulas (opcional)<\/p>\n<p>9 Calderas aisladas de bajo consumo<\/p>\n<p>10 Bandeja recogegotas de acero inoxidable, f\u00e1cil de desmontar para su limpieza<\/p>\n<p>11 Bandeja para tazas de altura regulable, f\u00e1cil de desmontar para su limpieza<\/p>\n<p>12 Prensador profesional: madera negra con base plana de acero inoxidable de 58 mm<\/p>\n<p>13 Recomendada para el hogar, la oficina y el \u00e1rea de refrigerio<\/p>\n<p>&nbsp;<\/p>\n<p>Medidas A \u00d7 P \u00d7 A:\u00a0 250 x 420 x 390 mm \/ 9.8 x 16.5 x 15.3 in<\/p>\n<p>PESO: 20 kg \/ 44.1 lb<\/p>\n<p>POTENCIA TOTAL: 1000W (@120V) 1300W (@230V)<\/p>\n<p>TENSI\u00d3N: 120V or 220-240V<\/p>\n<p>FRECUENCIA: 50-60 Hz<\/p>\n<p>CAPACIDAD DE LA CALDERA DE CAF\u00c9: 0.3 l \/ 10.5 oz UK \/ 10.1 oz US<\/p>\n<p>CAPACIDAD DE LA CALDERA DE VAPOR: 1 l \/ 35.1 oz UK \/ 33.8 oz US<\/p>\n<p>DEP\u00d3SITO DE AGUA: 2 l \/ 70.4 oz UK \/ 67.6 oz US<\/p>\n<p>NIVEL DE RUIDO DURANTE EL USO: &lt; 70 db<\/p>\n<p>PODS&amp;CAPS: Opcional<\/p>\n<p>&nbsp;<\/p>\n","protected":false},"featured_media":28064,"comment_status":"open","ping_status":"closed","template":"","meta":{"site-sidebar-layout":"default","site-content-layout":"","ast-site-content-layout":"default","site-content-style":"default","site-sidebar-style":"default","ast-global-header-display":"","ast-banner-title-visibility":"","ast-main-header-display":"","ast-hfb-above-header-display":"","ast-hfb-below-header-display":"","ast-hfb-mobile-header-display":"","site-post-title":"","ast-breadcrumbs-content":"","ast-featured-img":"","footer-sml-layout":"","ast-disable-related-posts":"","theme-transparent-header-meta":"default","adv-header-id-meta":"","stick-header-meta":"","header-above-stick-meta":"","header-main-stick-meta":"","header-below-stick-meta":"","astra-migrate-meta-layouts":"set","ast-page-background-enabled":"default","ast-page-background-meta":{"desktop":{"background-color":"var(--ast-global-color-4)","background-image":"","background-repeat":"repeat","background-position":"center center","background-size":"auto","background-attachment":"scroll","background-type":"","background-media":"","overlay-type":"","overlay-color":"","overlay-opacity":"","overlay-gradient":""},"tablet":{"background-color":"","background-image":"","background-repeat":"repeat","background-position":"center center","background-size":"auto","background-attachment":"scroll","background-type":"","background-media":"","overlay-type":"","overlay-color":"","overlay-opacity":"","overlay-gradient":""},"mobile":{"background-color":"","background-image":"","background-repeat":"repeat","background-position":"center center","background-size":"auto","background-attachment":"scroll","background-type":"","background-media":"","overlay-type":"","overlay-color":"","overlay-opacity":"","overlay-gradient":""}},"ast-content-background-meta":{"desktop":{"background-color":"var(--ast-global-color-5)","background-image":"","background-repeat":"repeat","background-position":"center center","background-size":"auto","background-attachment":"scroll","background-type":"","background-media":"","overlay-type":"","overlay-color":"","overlay-opacity":"","overlay-gradient":""},"tablet":{"background-color":"var(--ast-global-color-5)","background-image":"","background-repeat":"repeat","background-position":"center center","background-size":"auto","background-attachment":"scroll","background-type":"","background-media":"","overlay-type":"","overlay-color":"","overlay-opacity":"","overlay-gradient":""},"mobile":{"background-color":"var(--ast-global-color-5)","background-image":"","background-repeat":"repeat","background-position":"center center","background-size":"auto","background-attachment":"scroll","background-type":"","background-media":"","overlay-type":"","overlay-color":"","overlay-opacity":"","overlay-gradient":""}}},"product_brand":[],"product_cat":[101,100],"product_tag":[587,105],"class_list":{"0":"post-28051","1":"product","2":"type-product","3":"status-publish","4":"has-post-thumbnail","6":"product_cat-cafeteras","7":"product_cat-equipamiento","8":"product_tag-cafeteras","9":"product_tag-equipamiento","10":"desktop-align-left","11":"tablet-align-left","12":"mobile-align-left","14":"first","15":"instock","16":"sale","17":"taxable","18":"shipping-taxable","19":"purchasable","20":"product-type-simple"},"_links":{"self":[{"href":"https:\/\/sensorial.coffee\/ca\/wp-json\/wp\/v2\/product\/28051","targetHints":{"allow":["GET"]}}],"collection":[{"href":"https:\/\/sensorial.coffee\/ca\/wp-json\/wp\/v2\/product"}],"about":[{"href":"https:\/\/sensorial.coffee\/ca\/wp-json\/wp\/v2\/types\/product"}],"replies":[{"embeddable":true,"href":"https:\/\/sensorial.coffee\/ca\/wp-json\/wp\/v2\/comments?post=28051"}],"version-history":[{"count":2,"href":"https:\/\/sensorial.coffee\/ca\/wp-json\/wp\/v2\/product\/28051\/revisions"}],"predecessor-version":[{"id":28069,"href":"https:\/\/sensorial.coffee\/ca\/wp-json\/wp\/v2\/product\/28051\/revisions\/28069"}],"wp:featuredmedia":[{"embeddable":true,"href":"https:\/\/sensorial.coffee\/ca\/wp-json\/wp\/v2\/media\/28064"}],"wp:attachment":[{"href":"https:\/\/sensorial.coffee\/ca\/wp-json\/wp\/v2\/media?parent=28051"}],"wp:term":[{"taxonomy":"product_brand","embeddable":true,"href":"https:\/\/sensorial.coffee\/ca\/wp-json\/wp\/v2\/product_brand?post=28051"},{"taxonomy":"product_cat","embeddable":true,"href":"https:\/\/sensorial.coffee\/ca\/wp-json\/wp\/v2\/product_cat?post=28051"},{"taxonomy":"product_tag","embeddable":true,"href":"https:\/\/sensorial.coffee\/ca\/wp-json\/wp\/v2\/product_tag?post=28051"}],"curies":[{"name":"wp","href":"https:\/\/api.w.org\/{rel}","templated":true}]}}

<p class="Default" style="line-height: 10.05pt;"><span lang="ES-TRAD" style="font-size: 10.0pt; font-family: 'Arial',sans-serif;">Rancilio Silvia Pro X es la máquina de café espresso en un solo grupo que proporciona precisión y control en cada café, ocupando un espacio limitado gracias a su diseño compacto. Silvia Pro combina el rendimiento profesional de las máquinas de café espresso Rancilio y las notables capacidades de Silvia, con la adición de dos PID, una pantalla digital, dos calderas independientes y una gama más amplia de soluciones de café, está diseñada para proporcionar la mejor experiencia de café y para satisfacer las necesidades de los baristas expertos.</span></p>
<p class="Default" style="line-height: 10.05pt;"><span lang="ES-TRAD" style="font-size: 10.0pt; font-family: 'Arial',sans-serif;">Equipo</span></p>
<p class="Default" style="line-height: 10.05pt;"><span lang="ES-TRAD" style="font-size: 10.0pt; font-family: 'Arial',sans-serif;">Equipo profesional de alta calidad y componentes de alta resistencia: portafiltro ergonómico, caldera aislada, lanza de vapor multidireccional de acero inoxidable y pomo de vapor, bandeja para tazas y unidad de preparación de latón.</span></p>
<p class="Default" style="line-height: 10.05pt;"><span lang="ES-TRAD" style="font-size: 10.0pt; font-family: 'Arial',sans-serif;">PID</span></p>
<p class="Default" style="line-height: 10.05pt;"><span lang="ES-TRAD" style="font-size: 10.0pt; font-family: 'Arial',sans-serif;">Control electrónico de la temperatura del agua en la caldera de café y en la caldera de vapor, a través de un PID interno que ofrece una estabilidad de temperatura extremadamente precisa.</span></p>
<p class="Default" style="line-height: 10.05pt;"><span lang="ES-TRAD" style="font-size: 10.0pt; font-family: 'Arial',sans-serif;">Calderas separadas</span></p>
<p class="Default" style="line-height: 10.05pt;"><span lang="ES-TRAD" style="font-size: 10.0pt; font-family: 'Arial',sans-serif;">Silvia Pro está equipada con dos calderas separadas, ambas equipadas con PID: una caldera calienta el agua para el café, y la otra es una caldera de vapor para el agua caliente y el vapor.</span></p>
<p class="Default" style="line-height: 10.05pt;"><span lang="ES-TRAD" style="font-size: 10.0pt; font-family: 'Arial',sans-serif;">Regulación de temperatura</span></p>
<p class="Default" style="line-height: 10.05pt;"><span lang="ES-TRAD" style="font-size: 10.0pt; font-family: 'Arial',sans-serif;">La temperatura del agua para el café y el vapor se puede ajustar fácilmente a través de los </span><span lang="ES-TRAD" style="font-size: 10.0pt; font-family: 'Arial',sans-serif;">botones de visualización.</span></p>
<p>Distribuidor Oficial Rancilio. Servicio Técnico Oficial.</p>
<p>Garantía del fabricante durante 2 años contra defectos de fabricación. La garantia no cubre los daños derivados de una instalación o mantenimiento incorrectos.</p>

<p>PRINCIPALES ASPECTOS</p>
<p>1 Tecnología Rancilio en solo 25 cm</p>
<p>2 Cuerpo de acero inoxidable</p>
<p>3 Pantalla digital con temporizador  de erogación, indicador de temperatura, alerta de agua</p>
<p>4 Modo de activación pr gramable</p>
<p>5 Canasta del filtro de 7 gr y 14 gr</p>
<p>6 Depósito de agua incorporado  de 2 litros, fácil de desmontar  para su limpieza</p>
<p>7 Gestión de seguridad del agua y entrega profesional</p>
<p>8 Kit adaptador para Monodosis y Cápsulas (opcional)</p>
<p>9 Calderas aisladas de bajo consumo</p>
<p>10 Bandeja recogegotas de acero inoxidable, fácil de desmontar para su limpieza</p>
<p>11 Bandeja para tazas de altura regulable, fácil de desmontar para su limpieza</p>
<p>12 Prensador profesional: madera negra con base plana de acero inoxidable de 58 mm</p>
<p>13 Recomendada para el hogar, la oficina y el área de refrigerio</p>
<p>&nbsp;</p>
<p>Medidas A × P × A:  250 x 420 x 390 mm / 9.8 x 16.5 x 15.3 in</p>
<p>PESO: 20 kg / 44.1 lb</p>
<p>POTENCIA TOTAL: 1000W (@120V) 1300W (@230V)</p>
<p>TENSIÓN: 120V or 220-240V</p>
<p>FRECUENCIA: 50-60 Hz</p>
<p>CAPACIDAD DE LA CALDERA DE CAFÉ: 0.3 l / 10.5 oz UK / 10.1 oz US</p>
<p>CAPACIDAD DE LA CALDERA DE VAPOR: 1 l / 35.1 oz UK / 33.8 oz US</p>
<p>DEPÓSITO DE AGUA: 2 l / 70.4 oz UK / 67.6 oz US</p>
<p>NIVEL DE RUIDO DURANTE EL USO: &lt; 70 db</p>
<p>PODS&amp;CAPS: Opcional</p>
<p>&nbsp;</p>
